 + 5*z**2 - 606*z + 3586. What is o(6)?
346
Let x(p) = -6*p**2 - 565*p - 1106. Give x(-91).
623
Let v(h) = -2066*h - 975152. Determine v(-472).
0
Let y(c) = c**2 - 44*c - 11810. Calculate y(-89).
27
Let z(u) = u**3 + 19*u**2 - 5503*u - 88806. What is z(-16)?
10
Let s(i) = 2278*i + 91334. What is s(-40)?
214
Let o(z) = z**3 + 87*z**2 + 195*z + 9547. Determine o(-86).
173
Let m(n) = 165*n**2 - 6765*n + 12. Determine m(41).
12
Let a(l) = -1964*l + 53044. Give a(27).
16
Let d(g) = -1936*g**2 + 85185*g + 10. Give d(44).
54
Let q(o) = 2931*o + 3375. Determine q(-1).
444
Let d(z) = 4*z**2 + 54*z + 100. Determine d(-30).
2080
Let j(u) = -930*u**2 - 36273*u - 133. What is j(-39)?
-16
Let q(l) = 1705*l**2 - 242109*l - 138. Determine q(142).
4
Let g(b) = -13*b**3 + 2419*b**2 - 171*b - 2819. Determine g(186).
-29
Let g(v) = -5033*v + 1347. Determine g(1).
-3686
Let d(u) = 9*u**3 + 139*u**2 - 74*u + 39. Give d(-16).
-57
Let h(o) = 171763*o + 1030593. What is h(-6)?
15
Let o(z) = -z**3 - 109*z**2 - 83*z + 1653. Calculate o(-108).
-1047
Let r(q) = -2*q**3 + 1276*q**2 + 9055*q - 16143. Determine r(645).
-18
Let h(j) = j**2 - 178*j - 50008. Determine h(-152).
152
Let b(u) = 2*u**3 + 22*u**2 - 5660*u + 252. Give b(-59).
16
Let w(g) = 393310*g + 4326415. Determine w(-11).
5
Let j(u) = u**3 + 200*u**2 - 4418*u + 357. Calculate j(20).
-3
Let n(w) = -49*w**2 + 1712*w - 16. Determine n(34).
1548
Let v(a) = -52333*a + 1099041. Calculate v(21).
48
Let s(l) = -74*l**3 + 556*l + 554. Give s(-1).
72
Let r(o) = 8*o**3 + 915*o**2 - 4404*o - 122. Calculate r(-119).
-3
Let k(z) = 2*z**2 - 4714*z - 5282383. Give k(-829).
5
Let f(c) = -1045*c + 5206. What is f(5)?
-19
Let t(y) = -75*y**2 + 19130*y - 1142. Calculate t(255).
133
Let m(o) = 765*o + 16673. Calculate m(-22).
-157
Let m(y) = -y**3 + 177*y**2 + 1329*y - 7554. Calculate m(184).
-10
Let m(z) = -2*z**3 - 529*z**2 - 218*z + 12061. What is m(-264)?
-83
Let r(u) = -17*u**2 + 1389*u + 473. Determine r(78).
5387
Let w(j) = 769*j - 58192. Give w(76).
252
Let q(n) = -19*n**3 - 38*n**2 + 41*n - 4. Give q(1).
-20
Let b(i) = -100400*i - 6927592. Calculate b(-69).
8
Let u(x) = 5*x**2 - 656*x + 19593. Calculate u(46).
-3
Let s(r) = 103*r**2 + 537*r + 1078. What is s(-2)?
416
Let l(k) = -262*k - 1579. What is l(-5)?
-269
Let b(n) = 2*n**3 - 122*n**2 + 177*n - 10789. Determine b(61).
8
Let d(v) = 3*v**3 + 227*v**2 - 311*v + 881. Determine d(-77).
1112
Let a(i) = -1833*i + 1791. Determine a(1).
-42
Let i(c) = 2*c**3 + 213*c**2 - 571*c - 588. What is i(-109)?
2246
Let v(m) = -50573*m - 354925. Determine v(-7).
-914
Let v(d) = 295*d**2 + 448*d + 446. Give v(-1).
293
Let p(j) = -2*j**2 - 353*j - 4645. Determine p(-15).
200
Let h(q) = -25*q - 1483. Determine h(-63).
92
Let u(i) = -i**3 - 181*i**2 + 1907*i + 21. Give u(10).
-9
Let k(b) = 3581*b - 107554. Calculate k(30).
-124
Let p(c) = 14*c**2 - 13*c - 51. Calculate p(-9).
1200
Let u(o) = 34*o**2 - 118*o - 35. What is u(11)?
2781
Let h(u) = 3507*u**2 + 14024*u - 3. Give h(-4).
13
Let k(l) = 6181*l + 333780. Determine k(-54).
6
Let u(k) = -1412*k + 55961. Give u(41).
-1931
Let x(k) = 6654*k + 53183. Determine x(-8).
-49
Let b(g) = 345*g**2 - 785537*g - 63762. Calculate b(2277).
-6
Let q(l) = l**3 - 24*l**2 + 26*l - 51. What is q(24)?
573
Let w(t) = -6*t**3 - 46*t**2 - 128*t - 145. Calculate w(-4).
15
Let u(p) = -44*p**2 + 3253*p + 220. Calculate u(74).
-2
Let c(n) = 1057772*n + 5288865. Calculate c(-5).
5
Let m(v) = 6705*v - 2943447. What is m(439)?
48
Let c(r) = -84*r + 2493. Give c(26).
309
Let s(n) = -n**3 - 56*n**2 + 106*n + 766. What is s(-58)?
1346
Let d(k) = -22562*k**2 + 225612*k + 85. What is d(10)?
5
Let g(k) = 2*k**3 + 15*k**2 - 24*k - 427. Give g(-7).
-210
Let c(j) = -111*j + 4017. Give c(16).
2241
Let f(b) = -17*b**2 - 6*b - 62. Give f(-6).
-638
Let x(k) = 8*k**2 + 172*k - 75. Calculate x(-18).
-579
Let c(f) = -199570*f + 3791807. What is c(19)?
-23
Let k(o) = -o**2 - 1563*o - 610731. What is k(-779)?
5
Let l(r) = -4*r**2 - 15*r + 893. Calculate l(-16).
109
Let v(m) = -62*m**2 + 757*m + 45941. Calculate v(34).
7
Let b(w) = -w**2 - 194*w - 6317. What is b(-156)?
-389
Let i(r) = 42*r**2 + 524*r + 528. Calculate i(-1).
46
Let t(g) = -107*g + 3751. Determine t(40).
-529
Let y(d) = 2*d**2 - 128162*d - 640837. Give y(-5).
23
Let n(t) = 10*t**3 + 92*t**2 + 55*t - 23. What is n(-1)?
4
Let h(a) = 44580*a + 623907. What is h(-14)?
-213
Let f(m) = 13293*m + 1940891. What is f(-146)?
113
Let m(y) = -529*y - 139653. Calculate m(-264).
3
Let p(r) = 3112*r - 56030. Calculate p(18).
-14
Let u(p) = -2*p**2 + 11*p + 43. What is u(9)?
-20
Let b(g) = -153*g**2 - 5026*g + 766. What is b(-33)?
7
Let d(j) = 14*j**3 - 19*j**2 - 492*j + 510. Give d(1).
13
Let t(m) = 2501*m + 99938. Determine t(-40).
-102
Let a(c) = -c**3 - 30*c**2 - 237*c - 212. What is a(-17)?
60
Let c(s) = -51*s**3 - 14123*s**2 + 1108*s + 11. Give c(-277).
11
Let s(k) = 40*k**3 + 11*k**2 - 963*k - 1654. Give s(-2).
-4
Let l(u) = -110*u**3 + 2*u**2 - 18*u + 28. Calculate l(2).
-880
Let h(k) = -k**3 + 12*k**2 + 256*k - 1756. Calculate h(7).
281
Let q(x) = -1957*x - 9786. Determine q(-5).
-1
Let m(l) = 1464*l - 4353. Give m(3).
39
Let h(o) = 10*o**3 - 97*o**2 - 500*o + 2696. Determine h(12).
8
Let t(m) = -1768*m - 10608. Calculate t(-6).
0
Let p(x) = -3*x**3 - 3*x**2 - 44*x - 89. Calculate p(-6).
715
Let z(j) = 8*j**3 + 989*j**2 + 3003*j + 146. Determine z(-3).
-178
Let w(a) = -2412*a + 24419. Calculate w(10).
299
Let f(l) = -2*l**3 - 45*l**2 + 258*l - 137. What is f(-27)?
-542
Let z(h) = h**2 + 450*h + 28624. Determine z(-83).
-1837
Let i(h) = -5157*h + 831. Calculate i(-1).
5988
Let m(n) = -3*n**3 - 88*n**2 - 189*n - 354. What is m(-27)?
-354
Let l(y) = -156*y**2 - 7509*y + 106. Calculate l(-48).
1114
Let q(u) = u**3 - 7*u**2 + 2143*u - 4269. Calculate q(2).
-3
Let x(g) = 108732*g - 3044495. Determine x(28).
1
Let r(j) = j**3 + 61*j**2 - 1912*j - 5915. Calculate r(25).
35
Let z(c) = -142*c - 1789. Determine z(-15).
341
Let l(j) = j**2 - 88*j - 1331. What is l(-13)?
-18
Let q(j) = 28*j**3 + 2*j**2 - 29*j + 54. Give q(3).
741
Let i(h) = 2049*h - 1170084. What is i(571)?
-105
Let s(z) = -z**3 - 115*z**2 - 2911*z + 1181. What is s(-77)?
26
Let y(t) = 403*t - 66450. Give y(165).
45
Let x(b) = 8*b**2 - 67*b - 8670. Calculate x(-29).
1
Let s(n) = 34*n**2 - 269*n + 996. Give s(4).
464
Let q(f) = -6*f**2 - 58*f + 433. Calculate q(9).
-575
Let b(j) = -2*j**2 - 2709*j - 105152. Give b(-40).
8
Let g(n) = n**2 + 271*n - 15446. Give g(48).
-134
Let k(s) = 8*s**3 - 1477*s**2 - 554*s - 221. Determine k(185).
-36
Let r(h) = 642*h - 38318. What is r(60)?
202
Let w(t) = 15*t**2 + 311*t + 72. Give w(-19).
-422
Let o(b) = -b**3 + 33*b**2 + 55*b + 597. Give o(35).
72
Let s(n) = 540*n - 4898. Determine s(8).
-578
Let m(b) = -154*b + 16028. Determine m(98).
936
Let n(y) = -4*y**3 + 84*y**2 - 424*y - 4. Determine n(5).
-524
Let k(w) = 245*w + 53915. Give k(-221).
-230
Let v(m) = -1436*m + 94786. Determine v(66).
10
Let w(x) = -16568*x - 82833. What is w(-5)?
7
Let s(q) = -76*q**2 - 820*q - 135. Calculate s(-11).
-311
Let h(s) = 517*s**2 - 12420*s + 266. Give h(24).
-22
Let v(i) = i**3 + 13*i**2 + 142*i + 645. Give v(-10).
-475
Let n(y) = y**3 + 6*y**2 - 1031*y - 8031. Calculate n(-8).
89
Let z(h) = -64*h + 9858. Calculate z(88).
4226
Let o(h) = 844825*h - 4224126. What is o(5)?
-1
Let t(d) = -3895*d**2 + 363*d + 4. Calculate t(1).
-3528
Let b(j) = -2*j**3 - 6*j**2 + 19*j + 80. What is b(-6)?
182
Let g(k) = 20796*k**2 + 207963*k + 5. Calculate g(-10).
-25
Let r(p) = -2*p**3 - 19*p**2 - 287*p - 2966. Determine r(-10).
4
Let w(l) = l**2 - 95*l - 99181. Calculate w(366).
5
Let t(r) = 47*r**3 + 697*r**2 - 28*r + 1380. Determine t(-15).
0
Let i(l) = -l**2 - 43*l + 5187. Give i(51).
393
Let d(c) = -2063*c - 22696. Calculate d(-13).
4123
Let i(r) = -817*r + 7185. Calculate i(9).
-168
Let v(p) = 3*p**3 - 131*p**2 - 136*p - 1974. Give v(45).
6
Let m(b) = b**3 + 414*b**2 - 726*b + 44043. Give m(-416).
-53
Let a(j) = 5432*j + 119460. Determine a(-22).
-44
Let f(h) = 58*h**3 + 269*h**2 + 270*h - 3. Calculate f(-1).
-62
Let z(d) = 56*d**2 - 428*d + 132. What is z(7)?
-120
Let m(d) = -d**3 + 29*d**2 + 325*d - 11831. Calculate m(23).
-1182
Let k(m) = 11*m**3 + 1148*m**